{"id":17260,"date":"2022-04-06T20:42:18","date_gmt":"2022-04-06T17:42:18","guid":{"rendered":"https:\/\/danimobhome.ro\/ingatlan\/elado-epuletek\/"},"modified":"2024-01-19T13:15:31","modified_gmt":"2024-01-19T11:15:31","slug":"imobiliare-de-vanzare-2","status":"publish","type":"property","link":"https:\/\/danimobhome.ro\/ro\/imobil1\/imobiliare-de-vanzare-2\/","title":{"rendered":"De v\u00e2nzare imobiliare Miercurea Ciuc - V\u00c2NDUT"},"content":{"rendered":"<p><\/p>\n<p><\/p>\n<p><\/p>\n<h6 class=\"wp-block-heading\">De v\u00e2nzare imobiliare Miercurea Ciuc.<\/h6>\n<p><\/p>\n<p><\/p>\n<p>Situat l\u00e2ng\u0103 pasajul peste calea ferat\u0103, fostul <a href=\"https:\/\/www.google.com\/maps\/@46.3645294,25.7877849,3a,75y,192.03h,94.18t\/data=!3m6!1e1!3m4!1sYKvi3PiUbiQ-ZZG0YqYbMA!2e0!7i13312!8i6656\" target=\"_blank\" rel=\"noreferrer noopener\" data-type=\"URL\" data-id=\"https:\/\/www.google.com\/maps\/@46.3645294,25.7877849,3a,75y,192.03h,94.18t\/data=!3m6!1e1!3m4!1sYKvi3PiUbiQ-ZZG0YqYbMA!2e0!7i13312!8i6656\">Hamerock <\/a>dou\u0103 cl\u0103diri, \u0219i anume<br \/>\n- o cl\u0103dire de 528 m2 de 1660 m2 (F+1E+2E) cu o suprafa\u021b\u0103 util\u0103 de 1285 m2 , respectiv,<br \/>\n- o cl\u0103dire (R+D) cu o suprafa\u021b\u0103 util\u0103 de 746 m2, 1493 m2 \u0219i o suprafa\u021b\u0103 util\u0103 de 1260 m2.<br \/>\nCele dou\u0103 imobile sunt situate pe strada Harghita \u0219i se afl\u0103 pe o suprafa\u021b\u0103 de 50 de pre\u021buri, dar exist\u0103 \u0219i posibilitatea de a cump\u0103ra o suprafa\u021b\u0103 mai mare.<br \/>\nAmbele cl\u0103diri pot fi dezvoltate ca cl\u0103diri de birouri, clinici medicale, centre de s\u0103n\u0103tate, call-center sau alte activit\u0103\u021bi comerciale.<\/p>\n<p><\/p>\n<p><\/p>\n<p>Sunte\u021bi interesat de alte tipuri de propriet\u0103\u021bi?<\/p>\n<p><\/p>\n<p><\/p>\n<p>V\u0103 rug\u0103m s\u0103 v\u0103 uita\u021bi \u0219i la celelalte oferte sau s\u0103 ne <a href=\"https:\/\/danimobhome.ro\/ro\/contactati\/\" target=\"_blank\" rel=\"noreferrer noopener\" data-type=\"URL\" data-id=\"https:\/\/danimobhome.ro\/kapcsolat\/\">contacta\u021bi <\/a>\u00een persoan\u0103 sau prin telefon!<\/p>\n<p><\/p>","protected":false},"excerpt":{"rendered":"<p>Propriet\u0103\u021bi de v\u00e2nzare \u00een Chi\u0219in\u0103u. \u00cen preajma pasajului peste calea ferat\u0103 sunt amplasate dou\u0103 cl\u0103diri ale fostului Hamerock, \u0219i anume: - o cl\u0103dire de 528 m2, 1660 m2 (F+1E+2E) cu o suprafa\u021b\u0103 util\u0103 de 1285 m2 \u0219i - o cl\u0103dire de 746 m2, 1493 m2 (F+E) cu o suprafa\u021b\u0103 util\u0103 de 1260 m2.<\/p>","protected":false},"author":2,"featured_media":17251,"parent":0,"menu_order":0,"template":"","property_type":[123],"property_status":[92],"property_feature":[],"property_label":[84],"property_city":[85],"class_list":["post-17260","property","type-property","status-publish","has-post-thumbnail","hentry","property_type-epulet","property_status-eladva","property_label-kedvezmenyes","property_city-csikszereda"],"property_meta":{"fave_property_price":["4"],"fave_property_id":["17260"],"fave_featured":["0"],"fave_loggedintoview":["0"],"fave_mortgage_cal":["0"],"fave_payment_status":["not_paid"],"fave_agent_display_option":["author_info"],"houzez_total_property_views":["10222"],"houzez_views_by_date":["a:61:{s:10:\"02-28-2026\";i:8;s:10:\"03-01-2026\";i:11;s:10:\"03-02-2026\";i:11;s:10:\"03-03-2026\";i:8;s:10:\"03-04-2026\";i:11;s:10:\"03-05-2026\";i:8;s:10:\"03-06-2026\";i:9;s:10:\"03-07-2026\";i:8;s:10:\"03-08-2026\";i:8;s:10:\"03-09-2026\";i:12;s:10:\"03-10-2026\";i:8;s:10:\"03-11-2026\";i:8;s:10:\"03-12-2026\";i:9;s:10:\"03-13-2026\";i:10;s:10:\"03-14-2026\";i:9;s:10:\"03-15-2026\";i:15;s:10:\"03-16-2026\";i:11;s:10:\"03-17-2026\";i:8;s:10:\"03-18-2026\";i:9;s:10:\"03-19-2026\";i:12;s:10:\"03-20-2026\";i:8;s:10:\"03-21-2026\";i:8;s:10:\"03-22-2026\";i:10;s:10:\"03-23-2026\";i:9;s:10:\"03-24-2026\";i:10;s:10:\"03-25-2026\";i:15;s:10:\"03-26-2026\";i:11;s:10:\"03-27-2026\";i:10;s:10:\"03-28-2026\";i:9;s:10:\"03-29-2026\";i:9;s:10:\"03-30-2026\";i:12;s:10:\"03-31-2026\";i:8;s:10:\"04-01-2026\";i:9;s:10:\"04-02-2026\";i:8;s:10:\"04-03-2026\";i:8;s:10:\"04-04-2026\";i:11;s:10:\"04-05-2026\";i:8;s:10:\"04-06-2026\";i:11;s:10:\"04-07-2026\";i:9;s:10:\"04-08-2026\";i:9;s:10:\"04-09-2026\";i:10;s:10:\"04-10-2026\";i:10;s:10:\"04-11-2026\";i:11;s:10:\"04-12-2026\";i:8;s:10:\"04-13-2026\";i:8;s:10:\"04-14-2026\";i:10;s:10:\"04-15-2026\";i:10;s:10:\"04-16-2026\";i:8;s:10:\"04-17-2026\";i:8;s:10:\"04-18-2026\";i:8;s:10:\"04-19-2026\";i:9;s:10:\"04-20-2026\";i:12;s:10:\"04-21-2026\";i:8;s:10:\"04-22-2026\";i:8;s:10:\"04-23-2026\";i:9;s:10:\"04-24-2026\";i:9;s:10:\"04-25-2026\";i:10;s:10:\"04-26-2026\";i:10;s:10:\"04-27-2026\";i:10;s:10:\"04-28-2026\";i:8;s:10:\"04-29-2026\";i:4;}"],"houzez_recently_viewed":["2026-04-29 09:15:54"],"rank_math_news_sitemap_robots":["index"],"rank_math_robots":["a:1:{i:0;s:5:\"index\";}"],"rank_math_analytic_object_id":["27"],"rank_math_internal_links_processed":["1"],"_edit_lock":["1666632808:4"],"rank_math_seo_score":["82"],"rank_math_focus_keyword":["elad\u00f3 ingatlanok csikszeredaban"],"rank_math_description":["Elad\u00f3 ingatlanok Cs\u00edkszered\u00e1ban, a vas\u00fati fel\u00fclj\u00e1r\u00f3 szomsz\u00e9ds\u00e1g\u00e1ban tal\u00e1lhat\u00f3, egykori Hamerock k\u00e9t \u00e9p\u00fclete"],"_edit_last":["4"],"fave_property_location":["0,0,0"],"houzez_geolocation_lat":["0"],"houzez_geolocation_long":["0"],"fave_property_map_street_view":["hide"],"fave_single_top_area":["global"],"fave_single_content_area":["global"],"cmplz_hide_cookiebanner":[""],"houzez_manual_expire":["0"],"_houzez_expiration_date_status":["saved"],"rank_math_title":["Elad\u00f3 ingatlanok Cs\u00edkszered\u00e1ban %page% %sep% %sitename%"],"_trp_translated_slug_ro_RO":["imobiliare-de-vanzare-2"],"litespeed_vpi_list_mobile":["a:8:{i:0;s:23:\"danimob__logo-text2.svg\";i:1;s:32:\"elado-epuletek-csikszereda-1.png\";i:2;s:41:\"elado-epuletek-csikszereda-2-1000x785.png\";i:3;s:18:\"profile-avatar.png\";i:4;s:21:\"Danimob-logo-kep3.svg\";i:5;s:32:\"elado-epuletek-csikszereda-4.png\";i:6;s:32:\"elado-epuletek-csikszereda-5.png\";i:7;s:32:\"elado-epuletek-csikszereda-6.png\";}"],"litespeed_vpi_list":["a:6:{i:0;s:23:\"danimob__logo-text2.svg\";i:1;s:9:\"hu_HU.png\";i:2;s:32:\"elado-epuletek-csikszereda-1.png\";i:3;s:18:\"profile-avatar.png\";i:4;s:21:\"Danimob-logo-kep3.svg\";i:5;s:32:\"elado-epuletek-csikszereda-2.png\";}"],"fave_property_price_postfix":[""],"fave_property_sec_price":[""],"fave_property_size":[""],"fave_property_land":[""],"fave_property_rooms":[""],"fave_property_bathrooms":[""],"fave_property_garage":[""],"fave_property_year":[""],"additional_features":[""],"floor_plans":[""],"fave_multi_units":[""],"fave_property_disclaimer":[""],"fave_property_images":["17251","17252","17253","17254","17255","17256","17257","17258","17259"],"_thumbnail_id":["17251"],"_elementor_page_assets":["a:0:{}"]},"_links":{"self":[{"href":"https:\/\/danimobhome.ro\/ro\/wp-json\/wp\/v2\/properties\/17260","targetHints":{"allow":["GET"]}}],"collection":[{"href":"https:\/\/danimobhome.ro\/ro\/wp-json\/wp\/v2\/properties"}],"about":[{"href":"https:\/\/danimobhome.ro\/ro\/wp-json\/wp\/v2\/types\/property"}],"author":[{"embeddable":true,"href":"https:\/\/danimobhome.ro\/ro\/wp-json\/wp\/v2\/users\/2"}],"version-history":[{"count":3,"href":"https:\/\/danimobhome.ro\/ro\/wp-json\/wp\/v2\/properties\/17260\/revisions"}],"predecessor-version":[{"id":19185,"href":"https:\/\/danimobhome.ro\/ro\/wp-json\/wp\/v2\/properties\/17260\/revisions\/19185"}],"wp:featuredmedia":[{"embeddable":true,"href":"https:\/\/danimobhome.ro\/ro\/wp-json\/wp\/v2\/media\/17251"}],"wp:attachment":[{"href":"https:\/\/danimobhome.ro\/ro\/wp-json\/wp\/v2\/media?parent=17260"}],"wp:term":[{"taxonomy":"property_type","embeddable":true,"href":"https:\/\/danimobhome.ro\/ro\/wp-json\/wp\/v2\/property_type?post=17260"},{"taxonomy":"property_status","embeddable":true,"href":"https:\/\/danimobhome.ro\/ro\/wp-json\/wp\/v2\/property_status?post=17260"},{"taxonomy":"property_feature","embeddable":true,"href":"https:\/\/danimobhome.ro\/ro\/wp-json\/wp\/v2\/property_feature?post=17260"},{"taxonomy":"property_label","embeddable":true,"href":"https:\/\/danimobhome.ro\/ro\/wp-json\/wp\/v2\/property_label?post=17260"},{"taxonomy":"property_city","embeddable":true,"href":"https:\/\/danimobhome.ro\/ro\/wp-json\/wp\/v2\/property_city?post=17260"}],"curies":[{"name":"wp","href":"https:\/\/api.w.org\/{rel}","templated":true}]}}

De vânzare imobiliare Miercurea Ciuc - VÂNDUT

<p></p>
<p></p>
<p></p>
<h6 class="wp-block-heading">De vânzare imobiliare Miercurea Ciuc.</h6>
<p></p>
<p></p>
<p>Situat lângă pasajul peste calea ferată, fostul <a href="https://www.google.com/maps/@46.3645294,25.7877849,3a,75y,192.03h,94.18t/data=!3m6!1e1!3m4!1sYKvi3PiUbiQ-ZZG0YqYbMA!2e0!7i13312!8i6656" target="_blank" rel="noreferrer noopener" data-type="URL" data-id="https://www.google.com/maps/@46.3645294,25.7877849,3a,75y,192.03h,94.18t/data=!3m6!1e1!3m4!1sYKvi3PiUbiQ-ZZG0YqYbMA!2e0!7i13312!8i6656">Hamerock </a>două clădiri, și anume<br />
- o clădire de 528 m2 de 1660 m2 (F+1E+2E) cu o suprafață utilă de 1285 m2 , respectiv,<br />
- o clădire (R+D) cu o suprafață utilă de 746 m2, 1493 m2 și o suprafață utilă de 1260 m2.<br />
Cele două imobile sunt situate pe strada Harghita și se află pe o suprafață de 50 de prețuri, dar există și posibilitatea de a cumpăra o suprafață mai mare.<br />
Ambele clădiri pot fi dezvoltate ca clădiri de birouri, clinici medicale, centre de sănătate, call-center sau alte activități comerciale.</p>
<p></p>
<p></p>
<p>Sunteți interesat de alte tipuri de proprietăți?</p>
<p></p>
<p></p>
<p>Vă rugăm să vă uitați și la celelalte oferte sau să ne <a href="https://danimobhome.ro/ro/contactati/" target="_blank" rel="noreferrer noopener" data-type="URL" data-id="https://danimobhome.ro/kapcsolat/">contactați </a>în persoană sau prin telefon!</p>
<p></p>

<p>Proprietăți de vânzare în Chișinău. În preajma pasajului peste calea ferată sunt amplasate două clădiri ale fostului Hamerock, și anume: - o clădire de 528 m2, 1660 m2 (F+1E+2E) cu o suprafață utilă de 1285 m2 și - o clădire de 746 m2, 1493 m2 (F+E) cu o suprafață utilă de 1260 m2.</p>

eladó ingatlanok csikszeredaban

Eladó ingatlanok Csíkszeredában, a vasúti felüljáró szomszédságában található, egykori Hamerock két épülete

Eladó ingatlanok Csíkszeredában %page% %sep% %sitename%
