{"id":19784,"date":"2025-04-09T15:33:42","date_gmt":"2025-04-09T12:33:42","guid":{"rendered":"https:\/\/danimobhome.ro\/ingatlan\/panoramas-kultelek-erdoaljan\/"},"modified":"2025-05-12T13:27:26","modified_gmt":"2025-05-12T10:27:26","slug":"teren-extravilan-panoramica-in-miercurea-ciuc","status":"publish","type":"property","link":"https:\/\/danimobhome.ro\/ro\/imobil1\/teren-extravilan-panoramica-in-miercurea-ciuc\/","title":{"rendered":"Teren extravilan panoramic \u00een Miercurea Ciuc - DE V\u00c2NZARE"},"content":{"rendered":"<p>De v\u00e2nzare teren extravilan panoramic\u0103 \u00een Miercurea Ciuc, 5400 mp l\u00e2ng\u0103 Parcul Sport (vechea \"strandul Szeredai\") \u0219i sta\u021bia de umplere cu ap\u0103 mineral\u0103 Mineral Quantum.<\/p>\n<div class=\"x11i5rnm xat24cr x1mh8g0r x1vvkbs xtlvy1s x126k92a\">\n<div dir=\"auto\">Terenul are :<\/div>\n<div dir=\"auto\">* dreptunghiular<\/div>\n<div dir=\"auto\">* 33m x 164m<\/div>\n<div dir=\"auto\">* de la drumul de p\u0103m\u00e2nt 33m deschidere la complot<\/div>\n<div dir=\"auto\">* posibilitatea de conectare la re\u021beaua electric\u0103<\/div>\n<div dir=\"auto\"><\/div>\n<div dir=\"auto\">\u00cen vecin\u0103tate exist\u0103 \u0219i cl\u0103diri reziden\u021biale, cu reziden\u021bi temporari \u0219i permanen\u021bi.<\/div>\n<\/div>\n<div dir=\"auto\">Zona are o vedere panoramic\u0103 frumoas\u0103 a ora\u0219ului.<\/div>\n<div class=\"x11i5rnm xat24cr x1mh8g0r x1vvkbs xtlvy1s x126k92a\">\n<div dir=\"auto\"><\/div>\n<\/div>\n<div class=\"x11i5rnm xat24cr x1mh8g0r x1vvkbs xtlvy1s x126k92a\">\n<div dir=\"auto\"><\/div>\n<\/div>\n<div class=\"x11i5rnm xat24cr x1mh8g0r x1vvkbs xtlvy1s x126k92a\">\n<div dir=\"auto\">Dac\u0103 sunte\u021bi interesat de oferta noastr\u0103 \u0219i dori\u021bi s\u0103 vede\u021bi proprietatea \u00een persoan\u0103 sau s\u0103 cere\u021bi mai multe detalii, v\u0103 rug\u0103m s\u0103 ne suna\u021bi sau s\u0103 ne vizita\u021bi \u00een biroul nostru!<\/div>\n<div dir=\"auto\"><\/div>\n<\/div>\n<div class=\"x11i5rnm xat24cr x1mh8g0r x1vvkbs xtlvy1s x126k92a\">\n<div dir=\"auto\"><span class=\"html-span xexx8yu x4uap5 x18d9i69 xkhd6sd x1hl2dhg x16tdsg8 x1vvkbs x3nfvp2 x1j61x8r x1fcty0u xdj266r xat24cr xgzva0m xhhsvwb xxymvpz xlup9mm x1kky2od\"><img decoding=\"async\" class=\"xz74otr\" title=\"De v\u00e2nzare teren extravilan \u00een Subp\u0103dure - DE V\u00c2NZARE 2\" src=\"https:\/\/static.xx.fbcdn.net\/images\/emoji.php\/v9\/t4d\/1\/16\/1f4de.png\" alt=\"\ud83d\udcde\" width=\"16\" height=\"16\" \/><\/span>\u00a00746 554 424<\/div>\n<div dir=\"auto\"><span class=\"html-span xexx8yu x4uap5 x18d9i69 xkhd6sd x1hl2dhg x16tdsg8 x1vvkbs x3nfvp2 x1j61x8r x1fcty0u xdj266r xat24cr xgzva0m xhhsvwb xxymvpz xlup9mm x1kky2od\"><img decoding=\"async\" class=\"xz74otr\" title=\"De v\u00e2nzare teren extravilan \u00een Subp\u0103dure - DE V\u00c2NZARE 3\" src=\"https:\/\/static.xx.fbcdn.net\/images\/emoji.php\/v9\/tf8\/1\/16\/1f3e2.png\" alt=\"\ud83c\udfe2\" width=\"16\" height=\"16\" \/><\/span>Miercurea Ciuc, str. Pet\u0151fi S\u00e1ndor 4.<\/div>\n<div dir=\"auto\"><\/div>\n<\/div>\n<div class=\"x11i5rnm xat24cr x1mh8g0r x1vvkbs xtlvy1s x126k92a\">\n<div dir=\"auto\">Nu acesta este anun\u021bul pe care \u00eel c\u0103uta\u021bi?<\/div>\n<div dir=\"auto\"><\/div>\n<div dir=\"auto\">Sunte\u021bi interesat de alte tipuri de propriet\u0103\u021bi?<\/div>\n<div dir=\"auto\"><\/div>\n<div dir=\"auto\">V\u0103 rug\u0103m s\u0103 arunca\u021bi o privire la celelalte oferte sau s\u0103 ne contacta\u021bi personal sau telefonic!<\/div>\n<\/div>\n<p>&nbsp;<\/p>\n<p>&nbsp;<\/p>","protected":false},"excerpt":{"rendered":"<p>De v\u00e2nzare este un teren \u00een aer liber de 5400 mp l\u00e2ng\u0103 Sportpark (vechea \"plaj\u0103 Szereda\") \u0219i sta\u021bia de umplere cu ap\u0103 mineral\u0103 Mineral Quantum. Terenul este : * dreptunghiular * 33m x 164m * deschidere de 33m de la drumul de p\u0103m\u00e2nt p\u00e2n\u0103 la teren * posibilitate de conectare la re\u021beaua electric\u0103 \u00cen vecin\u0103tatea terenului exist\u0103 \u0219i cl\u0103diri reziden\u021biale, cu reziden\u021bi temporari \u0219i permanen\u021bi. Zona are o frumoas\u0103 vedere panoramic\u0103 a [...]<\/p>","protected":false},"author":2,"featured_media":19773,"parent":0,"menu_order":0,"template":"","property_type":[103],"property_status":[80],"property_feature":[121],"property_label":[116],"property_city":[85],"class_list":["post-19784","property","type-property","status-publish","has-post-thumbnail","hentry","property_type-terulet","property_status-elado","property_feature-orokpanorama","property_label-csendes-kornyezet","property_city-csikszereda"],"property_meta":{"rank_math_internal_links_processed":["1"],"fave_property_price":["15"],"fave_property_price_postfix":["\/ m2"],"fave_show_price_placeholder":["0"],"fave_property_price_placeholder":[""],"fave_property_sec_price":[""],"fave_property_size":[""],"fave_property_land":["5400"],"fave_property_rooms":[""],"fave_property_bathrooms":[""],"fave_property_garage":[""],"fave_property_year":[""],"fave_property_id":["19784"],"additional_features":[""],"floor_plans":[""],"fave_multi_units":[""],"fave_featured":["0"],"houzez_featured_listing_date":[""],"fave_loggedintoview":["0"],"fave_mortgage_cal":["0"],"fave_property_disclaimer":[""],"fave_payment_status":["not_paid"],"fave_agent_display_option":["author_info"],"houzez_total_property_views":["3673"],"houzez_views_by_date":["a:61:{s:10:\"02-28-2026\";i:8;s:10:\"03-01-2026\";i:10;s:10:\"03-02-2026\";i:11;s:10:\"03-03-2026\";i:10;s:10:\"03-04-2026\";i:10;s:10:\"03-05-2026\";i:8;s:10:\"03-06-2026\";i:8;s:10:\"03-07-2026\";i:8;s:10:\"03-08-2026\";i:8;s:10:\"03-09-2026\";i:12;s:10:\"03-10-2026\";i:8;s:10:\"03-11-2026\";i:8;s:10:\"03-12-2026\";i:8;s:10:\"03-13-2026\";i:12;s:10:\"03-14-2026\";i:8;s:10:\"03-15-2026\";i:14;s:10:\"03-16-2026\";i:13;s:10:\"03-17-2026\";i:8;s:10:\"03-18-2026\";i:9;s:10:\"03-19-2026\";i:10;s:10:\"03-20-2026\";i:10;s:10:\"03-21-2026\";i:8;s:10:\"03-22-2026\";i:10;s:10:\"03-23-2026\";i:8;s:10:\"03-24-2026\";i:9;s:10:\"03-25-2026\";i:15;s:10:\"03-26-2026\";i:8;s:10:\"03-27-2026\";i:8;s:10:\"03-28-2026\";i:8;s:10:\"03-29-2026\";i:8;s:10:\"03-30-2026\";i:12;s:10:\"03-31-2026\";i:10;s:10:\"04-01-2026\";i:10;s:10:\"04-02-2026\";i:8;s:10:\"04-03-2026\";i:8;s:10:\"04-04-2026\";i:8;s:10:\"04-05-2026\";i:12;s:10:\"04-06-2026\";i:8;s:10:\"04-07-2026\";i:8;s:10:\"04-08-2026\";i:8;s:10:\"04-09-2026\";i:10;s:10:\"04-10-2026\";i:12;s:10:\"04-11-2026\";i:8;s:10:\"04-12-2026\";i:9;s:10:\"04-13-2026\";i:8;s:10:\"04-14-2026\";i:10;s:10:\"04-15-2026\";i:11;s:10:\"04-16-2026\";i:8;s:10:\"04-17-2026\";i:8;s:10:\"04-18-2026\";i:8;s:10:\"04-19-2026\";i:9;s:10:\"04-20-2026\";i:12;s:10:\"04-21-2026\";i:8;s:10:\"04-22-2026\";i:8;s:10:\"04-23-2026\";i:11;s:10:\"04-24-2026\";i:8;s:10:\"04-25-2026\";i:9;s:10:\"04-26-2026\";i:11;s:10:\"04-27-2026\";i:9;s:10:\"04-28-2026\";i:8;s:10:\"04-29-2026\";i:4;}"],"houzez_recently_viewed":["2026-04-29 09:09:11"],"_trp_translated_slug_ro_RO":["teren-extravilan-panoramica-in-miercurea-ciuc"],"_cmplz_remote_scanned_post":["1"],"fave_property_images":["19773","19774","19775","19776","19777","19780","19782"],"_thumbnail_id":["19773"],"_elementor_page_assets":["a:0:{}"]},"_links":{"self":[{"href":"https:\/\/danimobhome.ro\/ro\/wp-json\/wp\/v2\/properties\/19784","targetHints":{"allow":["GET"]}}],"collection":[{"href":"https:\/\/danimobhome.ro\/ro\/wp-json\/wp\/v2\/properties"}],"about":[{"href":"https:\/\/danimobhome.ro\/ro\/wp-json\/wp\/v2\/types\/property"}],"author":[{"embeddable":true,"href":"https:\/\/danimobhome.ro\/ro\/wp-json\/wp\/v2\/users\/2"}],"version-history":[{"count":4,"href":"https:\/\/danimobhome.ro\/ro\/wp-json\/wp\/v2\/properties\/19784\/revisions"}],"predecessor-version":[{"id":19834,"href":"https:\/\/danimobhome.ro\/ro\/wp-json\/wp\/v2\/properties\/19784\/revisions\/19834"}],"wp:featuredmedia":[{"embeddable":true,"href":"https:\/\/danimobhome.ro\/ro\/wp-json\/wp\/v2\/media\/19773"}],"wp:attachment":[{"href":"https:\/\/danimobhome.ro\/ro\/wp-json\/wp\/v2\/media?parent=19784"}],"wp:term":[{"taxonomy":"property_type","embeddable":true,"href":"https:\/\/danimobhome.ro\/ro\/wp-json\/wp\/v2\/property_type?post=19784"},{"taxonomy":"property_status","embeddable":true,"href":"https:\/\/danimobhome.ro\/ro\/wp-json\/wp\/v2\/property_status?post=19784"},{"taxonomy":"property_feature","embeddable":true,"href":"https:\/\/danimobhome.ro\/ro\/wp-json\/wp\/v2\/property_feature?post=19784"},{"taxonomy":"property_label","embeddable":true,"href":"https:\/\/danimobhome.ro\/ro\/wp-json\/wp\/v2\/property_label?post=19784"},{"taxonomy":"property_city","embeddable":true,"href":"https:\/\/danimobhome.ro\/ro\/wp-json\/wp\/v2\/property_city?post=19784"}],"curies":[{"name":"wp","href":"https:\/\/api.w.org\/{rel}","templated":true}]}}

Teren extravilan panoramic în Miercurea Ciuc - DE VÂNZARE

<p>De vânzare teren extravilan panoramică în Miercurea Ciuc, 5400 mp lângă Parcul Sport (vechea "strandul Szeredai") și stația de umplere cu apă minerală Mineral Quantum.</p>
<div class="x11i5rnm xat24cr x1mh8g0r x1vvkbs xtlvy1s x126k92a">
<div dir="auto">Terenul are :</div>
<div dir="auto">* dreptunghiular</div>
<div dir="auto">* 33m x 164m</div>
<div dir="auto">* de la drumul de pământ 33m deschidere la complot</div>
<div dir="auto">* posibilitatea de conectare la rețeaua electrică</div>
<div dir="auto"></div>
<div dir="auto">În vecinătate există și clădiri rezidențiale, cu rezidenți temporari și permanenți.</div>
</div>
<div dir="auto">Zona are o vedere panoramică frumoasă a orașului.</div>
<div class="x11i5rnm xat24cr x1mh8g0r x1vvkbs xtlvy1s x126k92a">
<div dir="auto"></div>
</div>
<div class="x11i5rnm xat24cr x1mh8g0r x1vvkbs xtlvy1s x126k92a">
<div dir="auto"></div>
</div>
<div class="x11i5rnm xat24cr x1mh8g0r x1vvkbs xtlvy1s x126k92a">
<div dir="auto">Dacă sunteți interesat de oferta noastră și doriți să vedeți proprietatea în persoană sau să cereți mai multe detalii, vă rugăm să ne sunați sau să ne vizitați în biroul nostru!</div>
<div dir="auto"></div>
</div>
<div class="x11i5rnm xat24cr x1mh8g0r x1vvkbs xtlvy1s x126k92a">
<div dir="auto"><span class="html-span xexx8yu x4uap5 x18d9i69 xkhd6sd x1hl2dhg x16tdsg8 x1vvkbs x3nfvp2 x1j61x8r x1fcty0u xdj266r xat24cr xgzva0m xhhsvwb xxymvpz xlup9mm x1kky2od"><img decoding="async" class="xz74otr" title="De vânzare teren extravilan în Subpădure - DE VÂNZARE 2" src="https://static.xx.fbcdn.net/images/emoji.php/v9/t4d/1/16/1f4de.png" alt="📞" width="16" height="16" /></span> 0746 554 424</div>
<div dir="auto"><span class="html-span xexx8yu x4uap5 x18d9i69 xkhd6sd x1hl2dhg x16tdsg8 x1vvkbs x3nfvp2 x1j61x8r x1fcty0u xdj266r xat24cr xgzva0m xhhsvwb xxymvpz xlup9mm x1kky2od"><img decoding="async" class="xz74otr" title="De vânzare teren extravilan în Subpădure - DE VÂNZARE 3" src="https://static.xx.fbcdn.net/images/emoji.php/v9/tf8/1/16/1f3e2.png" alt="🏢" width="16" height="16" /></span>Miercurea Ciuc, str. Petőfi Sándor 4.</div>
<div dir="auto"></div>
</div>
<div class="x11i5rnm xat24cr x1mh8g0r x1vvkbs xtlvy1s x126k92a">
<div dir="auto">Nu acesta este anunțul pe care îl căutați?</div>
<div dir="auto"></div>
<div dir="auto">Sunteți interesat de alte tipuri de proprietăți?</div>
<div dir="auto"></div>
<div dir="auto">Vă rugăm să aruncați o privire la celelalte oferte sau să ne contactați personal sau telefonic!</div>
</div>
<p>&nbsp;</p>
<p>&nbsp;</p>

<p>De vânzare este un teren în aer liber de 5400 mp lângă Sportpark (vechea "plajă Szereda") și stația de umplere cu apă minerală Mineral Quantum. Terenul este : * dreptunghiular * 33m x 164m * deschidere de 33m de la drumul de pământ până la teren * posibilitate de conectare la rețeaua electrică În vecinătatea terenului există și clădiri rezidențiale, cu rezidenți temporari și permanenți. Zona are o frumoasă vedere panoramică a [...]</p>
